me?
True
Let r(n) = 7*n**3 - n**2. Let p be r(-1). Let b(d) = d - 8. Let f(l) = 2*l - 7. Let z(i) = 2*b(i) - 3*f(i). Is z(p) a prime number?
True
Let p be 4/(-2)*(-7)/7. Let k(g) = -g + 2*g**p + 4*g + 3*g - 1. Is k(-5) a composite number?
False
Let v(m) = 7*m**2 - 1. Let z be v(-1). Suppose 0 = z*u - u. Is (u - -78) + (-4 - -3) prime?
False
Let f(q) = -q**2 + 5*q - 3. Let z be f(3). Let p = 7 - z. Suppose -r - 2 = 0, 8 = -2*s + p*r + 90. Is s a composite number?
False
Let c = 108 + -54. Suppose 0*n = -5*n - 115. Let b = c + n. Is b prime?
True
Suppose -9*b + 1418 = -7*b. Is b a prime number?
True
Let u = 153 - 88. Is u a prime number?
False
Suppose 3234 + 1428 = 3*g. Let u = g - 967. Is u a prime number?
True
Suppose -4*z - 36 = -5*r, 2*r - 2*z = -r + 20. Suppose 2*s - 3*s = -2, f - 83 = r*s. Is f prime?
False
Let i(y) = 18*y + 3. Is i(6) a prime number?
False
Let n(k) = k**3 + 7*k**2 + 10*k + 4. Let f be n(-5). Suppose -q + 553 = -5*z, -4*q + 3336 - 1124 = -f*z. Is q composite?
True
Let g = 7 + -5. Suppose -4*l + 3*b + 77 = -g*l, -4*b + 56 = 2*l. Is l composite?
True
Suppose -j - 7 = v, -v + 2*v = 3*j - 3. Let f be (-2)/v - (-13435)/15. Suppose 0 = -d + 5*d + h - f, 4*h = 16. Is d composite?
False
Let j be -3 - 0 - (-1 + -6). Suppose j*l = 789 + 679. Is l a prime number?
True
Let q be (-2)/(-2) - (-2 - 0). Let d be q/6*(0 - 2). Is 5*3 - (d - -2) composite?
True
Suppose -2*r = -3*r + 62. Suppose 4*m - 153 - 77 = 2*p, 0 = -m - 4*p + r. Is m a composite number?
True
Let a = 111 - 197. Let t = 129 + a. Let f = -22 + t. Is f composite?
True
Suppose 0 = x + 5*r - r - 405, -1202 = -3*x + r. Is x a prime number?
True
Let x(v) = -6*v**3 - 12*v**2 - 9*v - 10. Is x(-5) composite?
True
Let q(o) = -2 + 0 + 4 - 4 - 5*o + o**2. Let y be q(-4). Let p = -21 + y. Is p a composite number?
False
Let q(c) = -c**3 + 2*c**2 - 2*c + 1. Let i = 1 + 0. Let b be q(i). Suppose b = -3*g - g + 140. Is g prime?
False
Let h = 1448 + -361. Is h a prime number?
True
Suppose -5*q - 10 = 0, -2*u - 2*q + q = -8. Let w = -6 + u. Let s(k) = -40*k**3 - 1. Is s(w) composite?
True
Suppose 0*a = 2*a. Suppose p + 2*p = a. Suppose 0 = -g - 4*j + 79, 2*g - 182 = -p*j + 4*j. Is g a composite number?
True
Is 3/5 - (-364)/10 a prime number?
True
Suppose -w = -2 - 1. Suppose 2*n - 16 = 2*f, -6 = w*f - 2*n + 18. Is (1 - 14)*(f - -5) composite?
True
Let f(l) = 12*l - 10. Let j(z) = z + 1. Let n(v) = -f(v) + 3*j(v). Let o be n(11). Let i = o + 163. Is i a prime number?
False
Let u(v) be the first derivative of -3/2*v**2 - 3*v + 1/3*v**3 - 1. Is u(8) a prime number?
True
Let z(x) = 5*x**2 - 3*x - 3. Is z(-4) composite?
False
Suppose 5*f = f + 6260. Is 6/8 + f/20 prime?
True
Suppose 30 = 2*x - 4*k, 4*x - k = x + 20. Suppose x*v = 4*v + 82. Suppose -p = l - 31, 4*l - p + v = 226. Is l a composite number?
True
Let c = 540 - 357. Is c a prime number?
False
Let d = 18 + -13. Let g = d - 7. Is g/7 + (-1986)/(-42) a prime number?
True
Let n = -5 + -1. Let m(p) = -p. Let g be m(n). Is (-262)/(-3) - 2/g composite?
True
Let s(n) = 47*n**2 - 9*n. Let k(c) = -24*c**2 + 5*c. Let y(m) = 7*k(m) + 4*s(m). Let u be y(1). Suppose -r + u = -0*r. Is r a prime number?
True
Let d = -2669 + 5361. Let x be 2/(-12) - d/(-24). Suppose -3*t + x = -47. Is t a composite number?
False
Let t be 1 + -235 - (-1 + -2). Let c = 327 + t. Let a = -47 + c. Is a prime?
False
Let m(v) = 6*v**3 + 3*v**2 - 2*v + 3. Let j be m(2). Suppose 3*u - 52 = j. Is u a composite number?
False
Let z(k) = -k**3 + 8*k**2 - 7*k - 4. Let s = 3 - -3. Is z(s) a prime number?
False
Suppose 0 = 5*l - 639 - 366. Is l prime?
False
Let c = -918 - -1331. Is c a prime number?
False
Let i be (1 - 16/10)*-5. Suppose -4*n + 5*j + 611 = 0, n - j - 599 = -i*n. Is n prime?
True
Let k(v) = 1949*v**2 - v + 1. Is k(1) composite?
False
Let w(c) be the first derivative of 19*c**3/3 + 2. Let q be w(-3). Suppose 2*d - q - 96 = -u, -5*d + 4*u = -661. Is d prime?
False
Suppose 5*k - 486 = 79. Is k a prime number?
True
Let n be 276*1/4*10. Suppose 0 = -3*z - 0*z + n. Suppose -2*y = -2*o - 586, y + 2*o - 63 - z = 0. Is y a prime number?
True
Let u(n) = -31*n - 3. Let x(m) = m**3 + 4*m**2 - 3*m + 4. Let c be x(-5). Is u(c) a prime number?
False
Suppose -3*v = -l - 1437, -4*v - 5*l = 664 - 2561. Is v a composite number?
True
Let o be ((-2)/6)/(19/(-14877)). Let n be 4/(2 + -4)*89. Let z = o + n. Is z composite?
False
Is (801*1 + 1)*15/30 prime?
True
Suppose -k + 6217 + 15002 = 4*s, 0 = 2*s - 4*k - 10614. Is s a composite number?
True
Let o = -844 + 1545. Is o composite?
False
Let v = 11 - 9. Suppose v*m - 45 = 93. Is m a composite number?
True
Let s = -3 + 5. Suppose -3*d + 103 = 2*u, -2*u + 4*d - s*d = -108. Is u composite?
False
Let n be (40/(-6))/(-4)*3. Let w(m) = m**2 - 4*m - 3. Let a be w(n). Let s(d) = 7*d - 1. Is s(a) a composite number?
False
Let f(b) = -2*b + 253. Let w = 6 + -6. Is f(w) composite?
True
Let r(v) = -2*v**3 - 14*v**2 + v + 5. Let j(g) = -g**3 - 7*g**2 + 3. Let i(y) = 5*j(y) - 2*r(y). Let u(a) = -a**2 - a - 7. Let s be u(0). Is i(s) composite?
False
Let w = -6 - -10. Suppose -4*k + z = -56, 0 = w*k - 8*k + 5*z + 40. Suppose 5*n = -k, 0 = 3*o - 4*n - 241 - 62. Is o composite?
False
Suppose -169 = 4*f - 5*z - 491, -5*z + 10 = 0. Suppose 2*r - 3*r + f = 0. Is r a prime number?
True
Let j(q) = -3*q**3 + 4*q**2 + 4*q - 5. Suppose -1 - 11 = 3*l. Is j(l) a prime number?
False
Let f(t) = t**3 - t**2 - t + 671. Let j be f(0). Suppose 4*s = 3*g + 523, -5*s + g + j = 3*g. Is s a prime number?
False
Let y(v) = 13*v**2 + 4*v - 1. Is y(-4) a composite number?
False
Is 1345*((-8)/5)/(-4) a prime number?
False
Let r(x) = -163*x - 1. Suppose 1 = 3*l - 4*h, l - 3 = -0*h + 4*h. Let v be r(l). Let a = v + -49. Is a a prime number?
True
Suppose 3*t = 4*l + 8, 2*l = -t + 2*t - 2. Suppose -t*r = -2*g + 40, 3*r - r - 6 = 0. Is g a composite number?
True
Suppose -v - 68 = -3*v. Let q = 59 - v. Is q a composite number?
True
Suppose 5*r = -f + 60, 0 = 4*r + 3*f - 8*f - 48. Suppose -b = r - 63. Is b a composite number?
True
Suppose 5*n = 6*n - 3*i + 8, -3*i + 3 = 0. Let b = n - -5. Suppose -q - 4*q + 265 = b. Is q prime?
True
Suppose 0 - 9 = -3*d. Suppose d*q - 4*q + 2 = 0. Is (-138)/(-3) + q/2 composite?
False
Let q = 5 - 7. Let r = q - -10. Let g = r - -39. Is g a prime number?
True
Is 3*(371/3)/7 a composite number?
False
Let f(v) = 15*v + 8. Suppose 0 = 2*h + m - 19, 4*m = -h + m + 22. Is f(h) prime?
True
Let y be (2 + 36/(-8))*-2. Suppose y*a = -b + 189, 207 = 4*a + 3*b + 47. Is a prime?
True
Let a be (1 - 4)/((-3)/(-4)). Let y be (26 - 3)*(a - -1). Is -1*(-3)/((-9)/y) a prime number?
True
Let b(t) = 91*t**2 + 3*t + 3. Is b(-2) a composite number?
True
Suppose -i - 334 = -4*u - 55, 5*i + 46 = u. Is u prime?
True
Suppose 4 - 9 = -5*r. Is (2/r)/(-2) - -98 a composite number?
False
Let g be ((-2)/5)/(5/50). Is 1*((-3544)/g + 1) a prime number?
True
Let o(c) = 2*c + 3. Let t be o(-3). Let y be 2/t - (-474)/9. Suppose -4*b + 3*j + 79 = 0, -y - 21 = -4*b - 3*j. Is b a composite number?
False
Let k(g) = 10*g + 2. Is k(2) a composite number?
True
Let n(o) = 4*o**2 - 7*o - 6. Let v be n(9). Suppose -4*r = -v - 253. Is r a prime number?
True
Let g(b) = 24*b**2 - b. Let t be g(-1). Suppose -5*z + 20 + t = 0. Let m(n) = -n + 19. Is m(z) prime?
False
Let k be -2*(-1)/(-6)*57. Let u = k + 32. Is u prime?
True
Let l be 6 + -2*(-3)/(-3). Suppose 345 = -4*o + 5*o. Suppose -l*p + o = p. Is p composite?
True
Suppose p - 6*p + 80 = 0. Suppose -q - p = -5*q. Is 1/q - 374/(-8) prime?
True
Let v(j) = -j**3 - 4*j**2 + 4*j - 3. Let c be v(-5). Let n(l) = 0 + 25 - 2 + l**c. Is n(0) a composite number?
False
Suppose -2*g - 1 + 3 = -4*k, 5*k - 5*g = -15. Is 10*((-36)/(-8) + k) a prime number?
False
Let q(g) = -85*g - 25*g + 7*g + 4 - 6. Let o be q(-5). Suppose -3*c - c + 1061 = 5*f, -f - o = -2*c. Is c prime?
False
Let d(p) = -p**3 + 5*p**2 + 3*p - 4. Let g be ((-9)/(-6))/(2/(-4)). Let r be 4 - (g/(-3) - 2). Is d(r) a prime number?
True
Let y = 8 - 0. Let p = -1 + y. Is p prime?
True
Suppose 5*v = -u + 241, 0*u - 4*v = u - 243. Is u a prime number?
True
Suppose 0 = f - 5*f + 68. Let l be ((-6)/(-2) - (6 - 0)) + 4. Is (2 + f)/l + 2 composite?
True
Suppose 389*n - 387*n - 2374 = 0. Is n a prime number?
